)*1600061 composite?
False
Suppose 40291 + 12305 = -4*p. Let h = -6212 - p. Is h a prime number?
False
Let o = -152428 + 250464. Suppose 2*h + 36051 = -3*q + o, -h + 30980 = -q. Is h a composite number?
True
Suppose -9*j = -37*j + 140. Suppose 14342 = j*g - 25203. Is g a prime number?
False
Suppose -i = -j - 9102 + 43279, 3*i - 102507 = -3*j. Suppose 3*h - 60119 = -5*d + j, 5*d - 94293 = -2*h. Is d a composite number?
False
Suppose 24 = 507*g - 501*g. Is (3/g)/(102/517072) a composite number?
True
Suppose -31*y + 18*y = -65. Suppose 2*n - 2*u + 5*u - 1609 = 0, 4010 = y*n + 5*u. Is n prime?
True
Let r(a) be the first derivative of 2879*a**3 + 5*a**2/2 - a - 176. Is r(1) a composite number?
False
Let f = 83572 + 102339. Is f prime?
False
Suppose -10518 = -2*w - 4*d, -851*w + 15822 = -848*w - 3*d. Is w a composite number?
True
Is (2220/50)/(4/(-10))*(-2239)/3 a prime number?
False
Suppose -17*j + 14*j - 5294 = s, 2*j + 3524 = 2*s. Let o = -167 - j. Is o composite?
False
Suppose -60*c = -62*c + 476. Let r = c + 99. Is r composite?
False
Let y(p) = p**3 + 25*p**2 + p - 23. Let m be y(-22). Suppose 3*x - m = 27. Is x composite?
True
Suppose -o + 5*k - 8 = -35, -5*k - 25 = 0. Suppose 2*n - 4*p = 31902, -2*n - n + o*p + 47845 = 0. Is n prime?
False
Let y be 60/75 + (-12521)/(-5). Suppose -4*n - y = -3*n + 4*o, n = -3*o - 2507. Let k = n + 4048. Is k a prime number?
False
Let o be 0/2*(-4)/8. Suppose o = 3*z + 5*y - 42, -18 = -4*z + 4*y + 6. Is 2368/z - (-4)/(-36) a prime number?
True
Let t = 189777 - -115844. Is t composite?
False
Is (-117)/1131*29 - (6571 - 0)*-34 composite?
True
Let n = -525865 + 1086206. Is n a composite number?
False
Suppose 4*g = 19 - 7. Suppose -1 - 2 = -3*f + 3*k, f + 1 = g*k. Suppose f*v - 77 = v. Is v a prime number?
False
Let j(y) = 317*y**3 + 10*y**2 - 2*y + 16. Is j(13) a composite number?
True
Let r = -15211 + 21967. Suppose -r = 18*y - 24*y. Is y prime?
False
Is (-41)/(-82)*(1 + 57801) prime?
True
Let s = 95889 - -505850. Is s composite?
True
Let d be (7 - (11 - 54/15))/((-2)/510). Let z be (-2)/(-4) + 735/(-2). Let w = d - z. Is w a composite number?
True
Suppose -4*f = -2*d - 77810, -4*f + 3*d - 23933 + 101744 = 0. Suppose -h + f = 4*u, -5*u + u + 5*h + 19452 = 0. Let l = -818 + u. Is l a composite number?
True
Suppose 7*v - 5*v = -13596. Let r = -4823 - v. Suppose 6*o = 11*o - r. Is o composite?
True
Suppose 33*g = 160 + 71. Suppose -10*f + 7717 = -g*f - 2*a, -a = f - 2564. Is f composite?
True
Is -4 + 330*(-8245)/(-34) a prime number?
True
Suppose 4*u + t - 45 = -u, 3*u + 5*t = 5. Let z = u + 1. Is 3379/z - (-4)/(-22) prime?
True
Let v = 666 + -369. Suppose q - 605 = w, -896 + v = -q + 3*w. Suppose -4*b + 2*b = -n - 403, 0 = -3*b + 5*n + q. Is b a prime number?
False
Suppose 193*c = 25*c + 9368184. Is c prime?
True
Suppose -85*a + 90*a = 30, 0 = -4*m - 2*a + 33064. Is m a composite number?
False
Suppose -5*c = -5*x - 518980, -265*x - 207594 = -2*c - 261*x. Is c a prime number?
False
Suppose -17*h + 2347481 - 396850 = 0. Is h prime?
True
Let v(c) = 16*c - 96. Let r be v(6). Suppose -2*n + 28155 = -r*d + d, d - 70386 = -5*n. Is n a prime number?
False
Let h = 36 + 71. Suppose -5*a = -6*a - h. Let l = a - -838. Is l a composite number?
True
Let a(y) = -2*y - 18. Let l be a(-12). Suppose -18 = -7*d + 2*d - 4*h, -2*d + 5*h = l. Is 1241 + (-10)/(-3 - d) prime?
False
Suppose -97*l = 102*l - 181*l - 3035682. Is l composite?
True
Let a = 37229 - -32640. Is a prime?
False
Let l = -143 + 154. Suppose -4*t = -l*t + 2667. Suppose -3*b = -1 - 2, 2*k - b = t. Is k prime?
True
Let f(l) = 4*l - 43. Let d be f(10). Is (-5 - 0/(-2))*(-2500 + d) a prime number?
False
Let i = 94 - 68. Suppose -i*d + 275391 = 56497. Is d prime?
True
Let a(r) = r**3 + 19*r**2 - 2*r + 1. Let v be (0 + -4 - -2) + 6. Let s be (v + -3)*(2 - 16). Is a(s) composite?
False
Let t be (9/5)/((-5)/25). Let v(u) = -9*u**3 - 35*u**2 - 10*u + 7. Is v(t) composite?
False
Let n(l) = -231*l - 10. Let m(q) = -q - 1. Let o(y) = 2*m(y) - n(y). Let d be o(4). Suppose d = 5*z - 1791. Is z a prime number?
False
Suppose 20*c + 64 = -44*c. Is (-628659)/(-138)*c*8/(-6) a prime number?
False
Let u be -5 - 26/(-5) - 5714/(-5). Suppose 4*n - 6 - 2 = 0, k = 4*n + u. Is k a composite number?
False
Suppose 49 + 19 = 17*h. Suppose 2*x = -7*l + 2*l + 1973, 4*x + h = 0. Is l a composite number?
True
Suppose 160398 = 24*n + 11622. Let s = 11868 - n. Is s composite?
False
Is 10/75 - (-2)/((-150)/(-16693565)) prime?
False
Suppose 0 = -0*g + 2*g + 3*c - 66, 5*c = -4*g + 134. Let i = -32 + g. Is ((171/6 - -1) + 0)*i a prime number?
False
Let k be -7 + 1 - (-8 + -1). Suppose -2*c + 4106 = 3*a, -2*c = k*c + 2*a - 10265. Is c composite?
False
Let b(a) = 1509*a - 130. Let x be b(-6). Is x/(-10) - (54/10)/(-9) prime?
True
Let d(l) = 2*l**3 - 6*l**2 - l + 15. Let t be d(5). Suppose -5*k = -4*y + t, -2*k - 72 = 4*y - 0*y. Let i = k + 175. Is i a prime number?
True
Let d(i) = 15556*i**2 + 24*i - 23. Let m be d(1). Suppose 2*f + 2*w - 6230 = 0, -5*f - 40*w = -44*w - m. Is f prime?
False
Suppose 0 = -3*d - 6*j + 366141, 3*j = 5*d + 6*j - 610291. Is d a composite number?
True
Let v(j) = j**3 - 3*j**2 + 2*j - 9. Let l be v(3). Let q(z) = 50*z**2 + 3*z + 49*z**2 + 12 - 120*z**2 + 63*z**2. Is q(l) composite?
True
Let s(o) = 106*o - 22. Let p be s(6). Let g = 865 - p. Is g prime?
True
Let z(x) = 12*x**3 - 11*x - 41. Let j be z(-5). Let u = -125 - j. Is u a composite number?
False
Let b be (1 + (-2)/4)/(10/(-2280)). Let u be 3/(-4 + b/(-24)). Suppose 0*x - x + 3*i = -3761, -u*x - i + 15044 = 0. Is x composite?
False
Suppose 4*y - 15 = y + 2*n, -2*n - 6 = 0. Suppose 3*h = -y*h + 50766. Is h prime?
True
Let g(q) = 245*q + 50. Let s = 205 + -198. Is g(s) prime?
False
Suppose 4338010 + 6351734 = 24*m. Suppose -80*z = -106*z + m. Is z prime?
False
Suppose -28*p - 74*p = -64*p - 4672138. Is p composite?
True
Let n = -77309 + 179074. Is n composite?
True
Let s = 271656 - 53315. Is s a prime number?
False
Let r be (-4 - (0 + -3))/(1/(-2631)). Suppose -4*u - r = -15955. Let i = u + -1788. Is i prime?
True
Let k = 919394 - 436497. Is k prime?
True
Let q be (-3)/6*(3 - 5)*5. Suppose 2*u - 35 = -q*u. Let s(i) = 8*i**3 + 5*i**2 + 6*i - 4. Is s(u) a prime number?
True
Is ((-705)/(-990) + 2/(-44))*609621/2 prime?
True
Let s be (2 - 0)*(-39)/(-26). Suppose -14*z = -s*z - 62293. Is z a prime number?
False
Suppose 393*d = 311*d + 40719478. Is d composite?
False
Let o = -89063 - -143020. Is o composite?
True
Let v(f) = 272*f**3 - 6*f**2 + 5*f - 13. Is v(2) composite?
True
Suppose 0 = 5*i - c - 1172146, -i + c + 234440 = 2*c. Is i a prime number?
True
Suppose -4*b - 1668691 = -2*g - 3*b, g - b - 834342 = 0. Is g a composite number?
True
Suppose 0*g + 12 = 4*g. Let h = -7860 + 11127. Suppose -3090 = -3*d + g*o, -5*d = o - h - 1889. Is d a prime number?
True
Suppose -262 = -11*x - 218. Suppose -3*s = -3*y - 68742, -5*y + 9 = x. Is s composite?
True
Let s be (-8)/2*(-1 - 0). Suppose 3*a - 24 + 7 = -f, 5*a = -f + 25. Suppose -o - f*c + 168 = 0, s*c = 4*o - c - 647. Is o composite?
False
Let i = -44582 - -85461. Is i prime?
True
Let f(r) = 2*r**3 + 15*r**2 - 11. Let z be f(-7). Suppose 0 = z*h + 7147 - 304193. Is h a composite number?
False
Let m(u) = 843*u + 2221 - 842*u + u**3 - 2*u**3. Is m(0) a composite number?
False
Is (-28 + 16 + 58003)*1*5 prime?
False
Suppose -k - 1839 = 5*b - 9882, -4*b + 24085 = 3*k. Is k a composite number?
True
Let s(h) = 26*h**3 + 14*h**2 - 12*h - 69. Is s(10) a composite number?
False
Suppose 6*g = 4*g - 28. Let m(f) = -f**3 - 13*f**2 + 15*f + 18. Let a be m(g). Suppose a*h = -12, -p - p = 3*h - 1097. Is p prime?
False
Suppose g - 1 - 1 = 0. Suppose g*s - 263 = o - 4*o, -4*o + 362 = -3*s. Let k = 1248 + o. Is k composite?
True
Let k = -131997 + 187209. Let t = k - 36025. Is t prime?
False
Let s(j) = 22*j + 68. Let x be s(-3). Suppose 0 = -4*p - 3*y + y + 506, -5*y = x*p - 249. Is p prime?
True
Suppose 46*t - 3*l = 45*t + 116113, 0 = 5*t - 5*l - 580565. Is t composite?
False
Suppose -5 = -4*p + 11. Suppose 911 = k - 4*v, 0 = p*k + 3*v - 8*v - 3633. Is k composite?
False
Let b = -395 + 423. Suppose 0 = b*g - 35*g + 8491. Is g composite?
False
Suppose 2*x = x + 77. Let o = -77 + x. Suppose o = -13*w + 